?
5, 17, 31
What are the prime factors of 13478?
2, 23, 293
What are the prime factors of 573?
3, 191
List the prime factors of 3569.
43, 83
List the prime factors of 121856.
2, 7, 17
What are the prime factors of 30689?
30689
List the prime factors of 114034.
2, 23, 37, 67
List the prime factors of 15372.
2, 3, 7, 61
What are the prime factors of 156085?
5, 19, 31, 53
What are the prime factors of 13648?
2, 853
What are the prime factors of 342?
2, 3, 19
List the prime factors of 146137.
317, 461
List the prime factors of 42447.
3, 14149
What are the prime factors of 134?
2, 67
What are the prime factors of 30254?
2, 7, 2161
What are the prime factors of 13096?
2, 1637
What are the prime factors of 4017?
3, 13, 103
What are the prime factors of 179389?
7, 523
What are the prime factors of 11062?
2, 5531
List the prime factors of 21767.
21767
List the prime factors of 11484.
2, 3, 11, 29
What are the prime factors of 1137?
3, 379
List the prime factors of 2789.
2789
List the prime factors of 7039.
7039
List the prime factors of 2615.
5, 523
List the prime factors of 647.
647
What are the prime factors of 1267?
7, 181
List the prime factors of 35597.
35597
List the prime factors of 172.
2, 43
List the prime factors of 55687.
233, 239
What are the prime factors of 9935?
5, 1987
List the prime factors of 140470.
2, 5, 11, 1277
List the prime factors of 214.
2, 107
List the prime factors of 1799.
7, 257
List the prime factors of 4134.
2, 3, 13, 53
List the prime factors of 12528.
2, 3, 29
What are the prime factors of 500?
2, 5
What are the prime factors of 13942?
2, 6971
What are the prime factors of 4684?
2, 1171
What are the prime factors of 13127?
13127
List the prime factors of 2996.
2, 7, 107
List the prime factors of 28510.
2, 5, 2851
List the prime factors of 3544.
2, 443
List the prime factors of 2043.
3, 227
List the prime factors of 6047.
6047
List the prime factors of 1361.
1361
List the prime factors of 44403.
3, 19, 41
List the prime factors of 685.
5, 137
What are the prime factors of 68349?
3, 22783
List the prime factors of 1965.
3, 5, 131
What are the prime factors of 1299?
3, 433
What are the prime factors of 2428?
2, 607
What are the prime factors of 34079?
53, 643
List the prime factors of 24273.
3, 29, 31
What are the prime factors of 3434?
2, 17, 101
List the prime factors of 9966.
2, 3, 11, 151
List the prime factors of 2338.
2, 7, 167
What are the prime factors of 4488?
2, 3, 11, 17
What are the prime factors of 23548?
2, 7, 29
List the prime factors of 4591.
4591
What are the prime factors of 13581?
3, 503
What are the prime factors of 10222?
2, 19, 269
What are the prime factors of 844?
2, 211
List the prime factors of 1219.
23, 53
What are the prime factors of 39996?
2, 3, 11, 101
What are the prime factors of 16312?
2, 2039
List the prime factors of 15323.
7, 11, 199
List the prime factors of 3865.
5, 773
List the prime factors of 26413.
61, 433
List the prime factors of 28786.
2, 37, 389
What are the prime factors of 36400?
2, 5, 7, 13
List the prime factors of 1788.
2, 3, 149
List the prime factors of 11092.
2, 47, 59
List the prime factors of 362.
2, 181
What are the prime factors of 14675?
5, 587
List the prime factors of 2878.
2, 1439
What are the prime factors of 9622?
2, 17, 283
What are the prime factors of 92231?
149, 619
What are the prime factors of 19581?
3, 61, 107
List the prime factors of 12114.
2, 3, 673
List the prime factors of 17721.
3, 11, 179
List the prime factors of 2694.
2, 3, 449
What are the prime factors of 64116?
2, 3, 13, 137
What are the prime factors of 2468?
2, 617
What are the prime factors of 5799?
3, 1933
What are the prime factors of 11518?
2, 13, 443
What are the prime factors of 24017?
7, 47, 73
What are the prime factors of 2203?
2203
What are the prime factors of 8262?
2, 3, 17
What are the prime factors of 1343?
17, 79
List the prime factors of 2902.
2, 1451
What are the prime factors of 7303?
67, 109
What are the prime factors of 3874?
2, 13, 149
List the prime factors of 4697.
7, 11, 61
List the prime factors of 6531.
3, 7, 311
What are the prime factors of 213?
3, 71
List the prime factors of 89904.
2, 3, 1873
What are the prime factors of 1297?
1297
List the prime factors of 900.
2, 3, 5
What are the prime factors of 2118?
2, 3, 353
What are the prime factors of 1881?
3, 11, 19
List the prime factors of 1048.
2, 131
List the prime factors of 29674.
2, 37, 401
List the prime factors of 60972.
2, 3, 5081
What are the prime factors of 2823?
3, 941
What are the prime factors of 16613?
37, 449
List the prime factors of 20151.
3, 2239
What are the prime factors of 12582?
2, 3, 233
What are the prime factors of 14067?
3, 521
What are the prime factors of 132310?
2, 5, 101, 131
What are the prime factors of 487?
487
List the prime factors of 26126.
2, 13063
List the prime factors of 7799.
11, 709
What are the prime factors of 4596?
2, 3, 383
List the prime factors of 106317.
3, 11813
List the prime factors of 124958.
2, 43, 1453
List the prime factors of 2190.
2, 3, 5, 73
List the prime factors of 582.
2, 3, 97
What are the prime factors of 2619?
3, 97
List the prime factors of 19839.
3, 17, 389
List the prime factors of 1437.
3, 479
What are the prime factors of 1062?
2, 3, 59
What are the prime factors of 46327?
46327
List the prime factors of 13586.
2, 6793
What are the prime factors of 50109?
3, 16703
What are the prime factors of 5027?
11, 457
What are the prime factors of 158656?
2, 37, 67
List the prime factors of 6439.
47, 137
List the prime factors of 955.
5, 191
List the prime factors of 2122.
2, 1061
What are the prime factors of 42?
2, 3, 7
What are the prime factors of 3145?
5, 17, 37
List the prime factors of 952.
2, 7, 17
List the prime factors of 21731.
31, 701
What are the prime factors of 7580?
2, 5, 379
What are the prime factors of 24610?
2, 5, 23, 107
List the prime factors of 13569.
3, 4523
List the prime factors of 80103.
3, 26701
List the prime factors of 8084.
2, 43, 47
List the prime factors of 17044.
2, 4261
What are the prime factors of 4153?
4153
What are the prime factors of 98?
2, 7
List the prime factors of 1817.
23, 79
What are the prime factors of 27870?
2, 3, 5, 929
What are the prime factors of 34779?
3, 11593
List the prime factors of 45656.
2, 13, 439
List the prime factors of 81930.
2, 3, 5, 2731
List the prime factors of 287.
7, 41
List the prime factors of 98317.
98317
List the prime factors of 245.
5, 7
What are the prime factors of 52981?
52981
List the prime factors of 53769.
3, 17923
What are the prime factors of 10439?
11, 13, 73
List the prime factors of 5908.
2, 7, 211
What are the prime factors of 2251?
2251
What are the prime factors of 25853?
103, 251
List the prime factors of 120817.
120817
List the prime factors of 107977.
19, 5683
List the prime factors of 323.
17, 19
What are the prime factors of 1941?
3, 647
What are the prime factors of 60439?
19, 3181
What are the prime factors of 46820?
2, 5, 2341
List the prime factors of 1673.
7, 239
What are the prime factors of 60500?
2, 5, 11
What are the prime factors of 5630?
2, 5, 563
What are the prime factors of 72591?
3, 24197
List the prime factors of 411.
3, 137
List the prime factors of 308.
2, 7, 11
What are the prime factors of 983?
983
List the prime factors of 1225.
5, 7
List the prime factors of 171001.
271, 631
List the prime factors of 956.
2, 239
List the prime factors of 1840.
2, 5, 23
What are the prime factors of 43114?
2, 21557
What are the prime factors of 57869?
7, 1181
List the prime factors of 88079.
88079
What are the prime factors of 2028?
2, 3, 13
List the prime factors of 25720.
2, 5, 643
List the prime factors of 3975.
3, 5, 53
What are the prime factors of 3358?
2, 23, 73
List the prime factors of 80719.
53, 1523
List the prime factors of 24051.
3, 8017
List the prime factors of 11195.
5, 2239
List the prime factors of 1035.
3, 5, 23
List the prime factors of 4704.
2, 3, 7
What are the prime factors of 2781?
3, 103
List the prime factors of 96525.
3, 5, 11, 13
What are the prime factors of 4580?
2, 5, 229
List the prime factors of 27964.
2, 6991
What are the prime factors of 2733?
3, 911
List the prime factors of 1429.
1429
What are the prime factors 